{"id":17410,"date":"2020-05-22T15:48:16","date_gmt":"2020-05-22T15:48:16","guid":{"rendered":"https:\/\/soszwns.edu.pl\/?page_id=17410"},"modified":"2025-09-24T19:54:47","modified_gmt":"2025-09-24T19:54:47","slug":"dokumenty","status":"publish","type":"page","link":"https:\/\/soszwns.edu.pl\/?page_id=17410","title":{"rendered":"DOKUMENTY"},"content":{"rendered":"\n<p>W tym miejscu udost\u0119pniamy wszystkie najwa\u017cniejsze dokumenty obowi\u0105zuj\u0105ce w naszej plac\u00f3wce.<\/p>\n\n\n\n<p><a href=\"https:\/\/soszwns.edu.pl\/wp-content\/uploads\/2025\/09\/Polityka-ochrony-dzieci-przed-krzywdzeniem-SOSW-Nowe-Siodlo.pdf\">Polityka-ochrony-dzieci-przed-krzywdzeniem-SOSW-Nowe-Siodlo.pdf<\/a><\/p>\n\n\n\n<p><a href=\"https:\/\/soszwns.edu.pl\/wp-content\/uploads\/2025\/09\/Polityka-ochrony-wersja-skrocona.pdf\">Polityka-ochrony-dzieci-wersja-skr\u00f3cona.pdf<\/a><\/p>\n","protected":false},"excerpt":{"rendered":"<p>W tym miejscu udost\u0119pniamy wszystkie najwa\u017cniejsze dokumenty obowi\u0105zuj\u0105ce w naszej plac\u00f3wce. Polityka-ochrony-dzieci-przed-krzywdzeniem-SOSW-Nowe-Siodlo.pdf Polityka-ochrony-dzieci-wersja-skr\u00f3cona.pdf<\/p>\n","protected":false},"author":1,"featured_media":0,"parent":0,"menu_order":0,"comment_status":"closed","ping_status":"closed","template":"","meta":{"ngg_post_thumbnail":0,"footnotes":""},"class_list":["post-17410","page","type-page","status-publish","hentry"],"_links":{"self":[{"href":"https:\/\/soszwns.edu.pl\/index.php?rest_route=\/wp\/v2\/pages\/17410","targetHints":{"allow":["GET"]}}],"collection":[{"href":"https:\/\/soszwns.edu.pl\/index.php?rest_route=\/wp\/v2\/pages"}],"about":[{"href":"https:\/\/soszwns.edu.pl\/index.php?rest_route=\/wp\/v2\/types\/page"}],"author":[{"embeddable":true,"href":"https:\/\/soszwns.edu.pl\/index.php?rest_route=\/wp\/v2\/users\/1"}],"replies":[{"embeddable":true,"href":"https:\/\/soszwns.edu.pl\/index.php?rest_route=%2Fwp%2Fv2%2Fcomments&post=17410"}],"version-history":[{"count":0,"href":"https:\/\/soszwns.edu.pl\/index.php?rest_route=\/wp\/v2\/pages\/17410\/revisions"}],"wp:attachment":[{"href":"https:\/\/soszwns.edu.pl\/index.php?rest_route=%2Fwp%2Fv2%2Fmedia&parent=17410"}],"curies":[{"name":"wp","href":"https:\/\/api.w.org\/{rel}","templated":true}]}}