{"id":22931,"date":"2024-12-18T14:33:29","date_gmt":"2024-12-18T14:33:29","guid":{"rendered":"https:\/\/soszwns.edu.pl\/?page_id=22931"},"modified":"2026-03-28T07:11:20","modified_gmt":"2026-03-28T06:11:20","slug":"deklaracja-dostepnosci-2024","status":"publish","type":"page","link":"https:\/\/soszwns.edu.pl\/?page_id=22931","title":{"rendered":"Deklaracja dost\u0119pno\u015bci 2026"},"content":{"rendered":"\n<h1><span id=\"deklaracja-dostepnosci\">DEKLARACJA DOST\u0118PNO\u015aCI<\/span><\/h1>\n\n\n\n<p id=\"a11y-wstep\"><span id=\"a11y-podmiot\">Specjalny O\u015brodek Szkolno Wychowawczy w Nowym Siodle<\/span> zobowi\u0105zuje si\u0119 zapewni\u0107 dost\u0119pno\u015b\u0107 swojej strony internetowej zgodnie z przepisami ustawy z dnia 4 kwietnia 2019 r. o dost\u0119pno\u015bci cyfrowej stron internetowych i aplikacji mobilnych podmiot\u00f3w publicznych.<\/p>\n<p>Deklaracja dost\u0119pno\u015bci dotyczy strony internetowej <a href=\"https:\/\/soszwns.edu.pl\/\" id=\"a11y-url\">soszwns.edu.pl<\/a>.<\/p>\n<p>Data publikacji strony internetowej: <time id=\"a11y-data-publikacja\">2007-09-13<\/time>. Data ostatniej du\u017cej aktualizacji: <time id=\"a11y-data-aktualizacja\">2007-09-13.<\/time><\/p>\n\n\n\n<h3>Stan dost\u0119pno\u015bci cyfrowej<\/h3>\n<p id=\"a11y-status\"><strong>Strona internetowa jest cz\u0119\u015bciowo zgodna <\/strong>z ustaw\u0105 z dnia 4 kwietnia 2019 r. o dost\u0119pno\u015bci cyfrowej stron internetowych i aplikacji mobilnych podmiot\u00f3w publicznych z powodu niezgodno\u015bci lub wy\u0142\u0105cze\u0144 wymienionych poni\u017cej.<\/p>\n<h4>Niedost\u0119pne elementy i tre\u015bci<\/h4>\n<ul>\n<li><strong>W cz\u0119\u015bci film\u00f3w nie ma napis\u00f3w dla os\u00f3b nies\u0142ysz\u0105cych i g\u0142uchych.<\/strong> W nowych filmach dodawane s\u0105 napisy w miar\u0119 mo\u017cliwo\u015bci.<\/li>\n<li><strong>Cz\u0119\u015b\u0107 plik\u00f3w nie jest dost\u0119pnych cyfrowo w ca\u0142o\u015bci,<\/strong> bo zosta\u0142y opublikowane przed wej\u015bciem w \u017cycie ustawy o dost\u0119pno\u015bci cyfrowej lub nie s\u0105 wykorzystywane do realizacji bie\u017c\u0105cych zada\u0144.<\/li>\n<li><strong>Dokumenty w PDF oraz informacje w postaci skan\u00f3w nie s\u0105 dokumentami edytowalnymi.<\/strong><\/li>\n<li><strong>Cz\u0119\u015b\u0107 zdj\u0119\u0107 z wydarze\u0144 nie posiadaj\u0105 opis\u00f3w alternatywnych.<\/strong><\/li>\n<li><strong>Mapy s\u0105 wy\u0142\u0105czone z obowi\u0105zku zapewniania dost\u0119pno\u015bci.<\/strong><\/li>\n<li><strong>Dokumenty archiwalne opublikowane na stronie przed 23 wrze\u015bnia 2018 r. nie s\u0105 dost\u0119pne.<\/strong>&nbsp;Nie mamy prawnego obowi\u0105zku dostosowywania tych dokument\u00f3w. Je\u017celi potrzebujesz dost\u0119pu do nich skontaktuj si\u0119 z nami i wska\u017c dok\u0142adnie, o kt\u00f3re z nich Ci chodzi i jak powinni\u015bmy je dostosowa\u0107.<\/li>\n\n<li><strong>Zapewnienie pe\u0142nej dost\u0119pno\u015bci dla plac\u00f3wki oznacza bardzo wysokie koszty,<\/strong> kt\u00f3re ocenili\u015bmy jako \u201enadmierne obci\u0105\u017cenie\u201d opisane w ustawie o dost\u0119pno\u015bci cyfrowej.<\/li>\n<\/ul>\n\n\n\n<h4>Informacje dodatkowe<\/h4>\n<ul>\n<li><strong>Narz\u0119dzie u\u0142atwie\u0144 dost\u0119pu<\/strong> (widoczne obrazki po prawej stronie przy poruszaniu si\u0119 po witrynie): zmiana kontrastu, zmiana rozmiaru czcionki<\/li>\n<li><strong>Skr\u00f3ty klawiaturowe.<\/strong> Na tej stronie internetowej mo\u017cna korzysta\u0107 ze standardowych skr\u00f3t\u00f3w klawiaturowych.<\/li>\n<\/ul>\n\n\n\n<h3>Przygotowanie deklaracji dost\u0119pno\u015bci<\/h3>\n<p>Data sporz\u0105dzenia deklaracji:&nbsp;<time id=\"a11y-data-sporzadzenie\">2020-02-08<\/time>.<\/p>\n<p>Deklaracj\u0119 sporz\u0105dzono na podstawie samooceny przeprowadzonej przez podmiot publiczny.<\/p>\n<p>Data ostatniego przegl\u0105du deklaracji:&nbsp;<time id=\"a11y-data-przeglad\">2026-03-23<\/time>.<\/p>\n\n\n\n<h3 id=\"a11y-kontakt\">Informacje zwrotne i dane kontaktowe<\/h3>\n<p>Na tej stronie internetowej s\u0105 problemy, kt\u00f3re wynikaj\u0105 z niespe\u0142nienia wymog\u00f3w dost\u0119pno\u015bci cyfrowej? Zg\u0142o\u015b to do &lt;<span id=\"a11y-osoba\">Anny Sobeckiej<\/span>&gt;, mailowo &#8211; <a href=\"mailto:anna.sobecka@soszwns.edu.pl\" id=\"a11y-email\">anna.sobecka@soszwns.edu.pl<\/a> lub telefonicznie &#8211; <span id=\"a11y-telefon\">+48 7484 58 223<\/span>.<\/p>\n<p>W zg\u0142oszeniu podaj:<\/p>\n<ul>\n<li>swoje imi\u0119 i nazwisko,<\/li>\n<li>swoje dane kontaktowe (np. numer telefonu, e-mail),<\/li>\n<li>dok\u0142adny adres strony internetowej, na kt\u00f3rej jest niedost\u0119pny element lub tre\u015b\u0107,<\/li>\n<li>opis na czym polega problem i jaki spos\u00f3b jego rozwi\u0105zania by\u0142by dla Ciebie najwygodniejszy.<\/li>\n<\/ul>\n\n\n\n<h3 id=\"a11y-procedura\">Obs\u0142uga wniosk\u00f3w i skarg zwi\u0105zanych z dost\u0119pno\u015bci\u0105<\/h3>\n<p>\u2022 W przypadku problem\u00f3w z dost\u0119pno\u015bci\u0105 strony internetowej prosimy o kontakt. Kontaktowa\u0107 mo\u017cna si\u0119 dzwoni\u0105c na numer telefonu <span id=\"a11y-telefon\">+48 7484 58 223<\/span>. T\u0105 sam\u0105 drog\u0105 mo\u017cna sk\u0142ada\u0107 wnioski o udost\u0119pnienie informacji niedost\u0119pnej oraz sk\u0142ada\u0107 skargi na brak zapewnienia dost\u0119pno\u015bci.<\/p>\n<p>\u2022 Na Twoje zg\u0142oszenie odpowiemy najszybciej jak to mo\u017cliwe, nie p\u00f3\u017aniej ni\u017c w ci\u0105gu 7 dni od jego otrzymania.<\/p>\n<p>\u2022 Je\u017celi ten termin b\u0119dzie dla nas zbyt kr\u00f3tki poinformujemy Ci\u0119 o tym. W tej informacji podamy nowy termin, do kt\u00f3rego poprawimy zg\u0142oszone przez Ciebie b\u0142\u0119dy lub przygotujemy informacje w alternatywny spos\u00f3b. Ten nowy termin nie b\u0119dzie d\u0142u\u017cszy ni\u017c 2 miesi\u0105ce.<\/p>\n<p>\u2022 Je\u017celi nie b\u0119dziemy w stanie zapewni\u0107 dost\u0119pno\u015bci cyfrowej strony internetowej lub tre\u015bci, z Twojego zg\u0142oszeniu, zaproponujemy Ci dost\u0119p do nich w alternatywny spos\u00f3b.<\/p>\n<p>\u2022 Je\u017celi nasze dzia\u0142ania nie b\u0119d\u0105 dla Ciebie zadowalaj\u0105ce, mo\u017cesz zg\u0142osi\u0107 skarg\u0119 do <a href=\"https:\/\/www.rpo.gov.pl\/kontakt\">Rzecznika Praw Obywatelskich<\/a>.<\/p>\n\n\n\n<hr class=\"wp-block-separator has-css-opacity\"\/>\n\n\n\n<h3 id=\"a11y-atchitektura\">Dost\u0119pno\u015b\u0107 architektoniczna<\/h3>\n<ul>\n<li>Do budynku szko\u0142y prowadzi g\u0142\u00f3wne wej\u015bcie. Wej\u015bcie jest zadaszone. Nie ma tutaj ogranicze\u0144 w postaci schod\u00f3w, ale przy przed drzwiami znajduje si\u0119 niewysoki pr\u00f3g. Wej\u015bcie jest og\u00f3lnodost\u0119pne dla pracownik\u00f3w, w godzinach pracy plac\u00f3wki, ale zamkni\u0119te dla os\u00f3b z zewn\u0105trz. Do \u015brodka budynku mo\u017cna wej\u015b\u0107 po wcze\u015bniejszym skorzystaniu z urz\u0105dzenia elektronicznego do komunikacji g\u0142osowej i wideo. Ponadto jest drugie wej\u015bcie przeznaczone dla uczni\u00f3w i pracownik\u00f3w szko\u0142y w okre\u015blonych godzinach, do kt\u00f3rego prowadz\u0105 schody.<\/li>\n<li>W budynku szko\u0142y znajduj\u0105 si\u0119 korytarze, schody i balustrady. Nie ma wind, kt\u00f3re umo\u017cliwia\u0142yby osobom niepe\u0142nosprawnym przedostanie si\u0119 na wy\u017csze kondygnacje.<\/li>\n<li>Osobami oddelegowanymi do udzielania informacji przy wej\u015bciu g\u0142\u00f3wnym s\u0105 pracownicy obs\u0142ugi i wyznaczeni pracownicy pedagogiczni.<\/li>\n<li>Drogi ewakuacyjne wewn\u0105trz budynku s\u0105 oznakowane.<\/li>\n<li>Na terenie plac\u00f3wki znajduje si\u0119 parking dla samochod\u00f3w osobowych.<\/li>\n<li>Do szko\u0142y mo\u017ce wej\u015b\u0107 osoba z psem asystuj\u0105cym.<\/li>\n<\/ul>\n\n\n\n<h3 id=\"a11y-aplikacje\">Aplikacje mobilne<\/h3>\n<p>Specjalny O\u015brodek Szkolno wychowawczy nie posiada aplikacji mobilnych<\/p>\n\n\n\n<h3>Informacje dodatkowe<\/h3>\n<p>Na terenie Specjalnego O\u015brodka Szkolno-Wychowawczego jest mo\u017cliwo\u015b\u0107 (na bie\u017c\u0105co) skorzystania z pomocy osoby znaj\u0105cej j\u0119zyk migowy.<\/p>\n\n\n\n<p><\/p>\n","protected":false},"excerpt":{"rendered":"<p>DEKLARACJA DOST\u0118PNO\u015aCI Specjalny O\u015brodek Szkolno Wychowawczy w Nowym Siodle zobowi\u0105zuje si\u0119 zapewni\u0107 dost\u0119pno\u015b\u0107 swojej strony internetowej zgodnie z przepisami ustawy z dnia 4 kwietnia 2019 r. o dost\u0119pno\u015bci cyfrowej stron internetowych i aplikacji mobilnych podmiot\u00f3w publicznych. Deklaracja dost\u0119pno\u015bci dotyczy strony internetowej soszwns.edu.pl. Data publikacji strony internetowej: 2007-09-13. Data ostatniej du\u017cej aktualizacji: 2007-09-13. Stan dost\u0119pno\u015bci cyfrowej [&hellip;]<\/p>\n","protected":false},"author":1,"featured_media":0,"parent":0,"menu_order":0,"comment_status":"closed","ping_status":"closed","template":"","meta":{"ngg_post_thumbnail":0,"footnotes":""},"class_list":["post-22931","page","type-page","status-publish","hentry"],"_links":{"self":[{"href":"https:\/\/soszwns.edu.pl\/index.php?rest_route=\/wp\/v2\/pages\/22931","targetHints":{"allow":["GET"]}}],"collection":[{"href":"https:\/\/soszwns.edu.pl\/index.php?rest_route=\/wp\/v2\/pages"}],"about":[{"href":"https:\/\/soszwns.edu.pl\/index.php?rest_route=\/wp\/v2\/types\/page"}],"author":[{"embeddable":true,"href":"https:\/\/soszwns.edu.pl\/index.php?rest_route=\/wp\/v2\/users\/1"}],"replies":[{"embeddable":true,"href":"https:\/\/soszwns.edu.pl\/index.php?rest_route=%2Fwp%2Fv2%2Fcomments&post=22931"}],"version-history":[{"count":0,"href":"https:\/\/soszwns.edu.pl\/index.php?rest_route=\/wp\/v2\/pages\/22931\/revisions"}],"wp:attachment":[{"href":"https:\/\/soszwns.edu.pl\/index.php?rest_route=%2Fwp%2Fv2%2Fmedia&parent=22931"}],"curies":[{"name":"wp","href":"https:\/\/api.w.org\/{rel}","templated":true}]}}

Deklaracja dostępności 2026

<h1><span id="deklaracja-dostepnosci">DEKLARACJA DOSTĘPNOŚCI</span></h1>



<p id="a11y-wstep"><span id="a11y-podmiot">Specjalny Ośrodek Szkolno Wychowawczy w Nowym Siodle</span> zobowiązuje się zapewnić dostępność swojej strony internetowej zgodnie z przepisami ustawy z dnia 4 kwietnia 2019 r. o dostępności cyfrowej stron internetowych i aplikacji mobilnych podmiotów publicznych.</p>
<p>Deklaracja dostępności dotyczy strony internetowej <a href="https://soszwns.edu.pl/" id="a11y-url">soszwns.edu.pl</a>.</p>
<p>Data publikacji strony internetowej: <time id="a11y-data-publikacja">2007-09-13</time>. Data ostatniej dużej aktualizacji: <time id="a11y-data-aktualizacja">2007-09-13.</time></p>



<h3>Stan dostępności cyfrowej</h3>
<p id="a11y-status"><strong>Strona internetowa jest częściowo zgodna </strong>z ustawą z dnia 4 kwietnia 2019 r. o dostępności cyfrowej stron internetowych i aplikacji mobilnych podmiotów publicznych z powodu niezgodności lub wyłączeń wymienionych poniżej.</p>
<h4>Niedostępne elementy i treści</h4>
<ul>
<li><strong>W części filmów nie ma napisów dla osób niesłyszących i głuchych.</strong> W nowych filmach dodawane są napisy w miarę możliwości.</li>
<li><strong>Część plików nie jest dostępnych cyfrowo w całości,</strong> bo zostały opublikowane przed wejściem w życie ustawy o dostępności cyfrowej lub nie są wykorzystywane do realizacji bieżących zadań.</li>
<li><strong>Dokumenty w PDF oraz informacje w postaci skanów nie są dokumentami edytowalnymi.</strong></li>
<li><strong>Część zdjęć z wydarzeń nie posiadają opisów alternatywnych.</strong></li>
<li><strong>Mapy są wyłączone z obowiązku zapewniania dostępności.</strong></li>
<li><strong>Dokumenty archiwalne opublikowane na stronie przed 23 września 2018 r. nie są dostępne.</strong>&nbsp;Nie mamy prawnego obowiązku dostosowywania tych dokumentów. Jeżeli potrzebujesz dostępu do nich skontaktuj się z nami i wskaż dokładnie, o które z nich Ci chodzi i jak powinniśmy je dostosować.</li>

<li><strong>Zapewnienie pełnej dostępności dla placówki oznacza bardzo wysokie koszty,</strong> które oceniliśmy jako „nadmierne obciążenie” opisane w ustawie o dostępności cyfrowej.</li>
</ul>



<h4>Informacje dodatkowe</h4>
<ul>
<li><strong>Narzędzie ułatwień dostępu</strong> (widoczne obrazki po prawej stronie przy poruszaniu się po witrynie): zmiana kontrastu, zmiana rozmiaru czcionki</li>
<li><strong>Skróty klawiaturowe.</strong> Na tej stronie internetowej można korzystać ze standardowych skrótów klawiaturowych.</li>
</ul>



<h3>Przygotowanie deklaracji dostępności</h3>
<p>Data sporządzenia deklaracji:&nbsp;<time id="a11y-data-sporzadzenie">2020-02-08</time>.</p>
<p>Deklarację sporządzono na podstawie samooceny przeprowadzonej przez podmiot publiczny.</p>
<p>Data ostatniego przeglądu deklaracji:&nbsp;<time id="a11y-data-przeglad">2026-03-23</time>.</p>



<h3 id="a11y-kontakt">Informacje zwrotne i dane kontaktowe</h3>
<p>Na tej stronie internetowej są problemy, które wynikają z niespełnienia wymogów dostępności cyfrowej? Zgłoś to do &lt;<span id="a11y-osoba">Anny Sobeckiej</span>&gt;, mailowo &#8211; <a href="mailto:anna.sobecka@soszwns.edu.pl" id="a11y-email">anna.sobecka@soszwns.edu.pl</a> lub telefonicznie &#8211; <span id="a11y-telefon">+48 7484 58 223</span>.</p>
<p>W zgłoszeniu podaj:</p>
<ul>
<li>swoje imię i nazwisko,</li>
<li>swoje dane kontaktowe (np. numer telefonu, e-mail),</li>
<li>dokładny adres strony internetowej, na której jest niedostępny element lub treść,</li>
<li>opis na czym polega problem i jaki sposób jego rozwiązania byłby dla Ciebie najwygodniejszy.</li>
</ul>



<h3 id="a11y-procedura">Obsługa wniosków i skarg związanych z dostępnością</h3>
<p>• W przypadku problemów z dostępnością strony internetowej prosimy o kontakt. Kontaktować można się dzwoniąc na numer telefonu <span id="a11y-telefon">+48 7484 58 223</span>. Tą samą drogą można składać wnioski o udostępnienie informacji niedostępnej oraz składać skargi na brak zapewnienia dostępności.</p>
<p>• Na Twoje zgłoszenie odpowiemy najszybciej jak to możliwe, nie później niż w ciągu 7 dni od jego otrzymania.</p>
<p>• Jeżeli ten termin będzie dla nas zbyt krótki poinformujemy Cię o tym. W tej informacji podamy nowy termin, do którego poprawimy zgłoszone przez Ciebie błędy lub przygotujemy informacje w alternatywny sposób. Ten nowy termin nie będzie dłuższy niż 2 miesiące.</p>
<p>• Jeżeli nie będziemy w stanie zapewnić dostępności cyfrowej strony internetowej lub treści, z Twojego zgłoszeniu, zaproponujemy Ci dostęp do nich w alternatywny sposób.</p>
<p>• Jeżeli nasze działania nie będą dla Ciebie zadowalające, możesz zgłosić skargę do <a href="https://www.rpo.gov.pl/kontakt">Rzecznika Praw Obywatelskich</a>.</p>



<hr class="wp-block-separator has-css-opacity"/>



<h3 id="a11y-atchitektura">Dostępność architektoniczna</h3>
<ul>
<li>Do budynku szkoły prowadzi główne wejście. Wejście jest zadaszone. Nie ma tutaj ograniczeń w postaci schodów, ale przy przed drzwiami znajduje się niewysoki próg. Wejście jest ogólnodostępne dla pracowników, w godzinach pracy placówki, ale zamknięte dla osób z zewnątrz. Do środka budynku można wejść po wcześniejszym skorzystaniu z urządzenia elektronicznego do komunikacji głosowej i wideo. Ponadto jest drugie wejście przeznaczone dla uczniów i pracowników szkoły w określonych godzinach, do którego prowadzą schody.</li>
<li>W budynku szkoły znajdują się korytarze, schody i balustrady. Nie ma wind, które umożliwiałyby osobom niepełnosprawnym przedostanie się na wyższe kondygnacje.</li>
<li>Osobami oddelegowanymi do udzielania informacji przy wejściu głównym są pracownicy obsługi i wyznaczeni pracownicy pedagogiczni.</li>
<li>Drogi ewakuacyjne wewnątrz budynku są oznakowane.</li>
<li>Na terenie placówki znajduje się parking dla samochodów osobowych.</li>
<li>Do szkoły może wejść osoba z psem asystującym.</li>
</ul>



<h3 id="a11y-aplikacje">Aplikacje mobilne</h3>
<p>Specjalny Ośrodek Szkolno wychowawczy nie posiada aplikacji mobilnych</p>



<h3>Informacje dodatkowe</h3>
<p>Na terenie Specjalnego Ośrodka Szkolno-Wychowawczego jest możliwość (na bieżąco) skorzystania z pomocy osoby znającej język migowy.</p>



<p></p>

<p>DEKLARACJA DOSTĘPNOŚCI Specjalny Ośrodek Szkolno Wychowawczy w Nowym Siodle zobowiązuje się zapewnić dostępność swojej strony internetowej zgodnie z przepisami ustawy z dnia 4 kwietnia 2019 r. o dostępności cyfrowej stron internetowych i aplikacji mobilnych podmiotów publicznych. Deklaracja dostępności dotyczy strony internetowej soszwns.edu.pl. Data publikacji strony internetowej: 2007-09-13. Data ostatniej dużej aktualizacji: 2007-09-13. Stan dostępności cyfrowej [&hellip;]</p>
