{"id":25,"date":"2011-10-13T11:39:18","date_gmt":"2011-10-13T11:39:18","guid":{"rendered":"http:\/\/soszwns.edu.pl\/?page_id=25"},"modified":"2026-03-28T08:21:49","modified_gmt":"2026-03-28T07:21:49","slug":"fundacja","status":"publish","type":"page","link":"https:\/\/soszwns.edu.pl\/?page_id=25","title":{"rendered":"Fundacja"},"content":{"rendered":"<h2><strong><span style=\"color: #000080; font-family: Verdana;\">FUNDACJA POMOCY DZIECIOM NIES\u0141YSZ\u0104CYM &#8222;US\u0141YSZE\u0106 \u015aWIAT&#8221;<\/span><\/strong><\/h2>\n<p><span style=\"font-family: Tahoma; font-size: x-small;\"><span style=\"color: #0000ff;\"><strong>O Fundacji:<\/strong><\/span><\/span><\/p>\n<p>Fundacja Pomocy Dzieciom Nies\u0142ysz\u0105cym \u201e Us\u0142ysze\u0107 \u015awiat\u201d zosta\u0142a powo\u0142ana przez nauczycieli O\u015brodka Szkolno- Wychowawczego w Nowym Siodle w celu niesienia pomocy dzieciom nies\u0142ysz\u0105cym. Aktualnie pomoc skierowana jest g\u0142\u00f3wnie do wychowank\u00f3w w\/w O\u015brodka &#8211;&nbsp; dzieci i m\u0142odzie\u017cy z wadami s\u0142uchu i z innymi niepe\u0142nosprawno\u015bciami.<br>Fundacja zosta\u0142a zarejestrowana w Krajowym Rejestrze S\u0105dowym w 2002r pod numerem 0000109042 a w roku 2005 uzyska\u0142a statut organizacji po\u017cytku publicznego.<\/p>\n<p><span style=\"color: #0000ff;\"><strong>Adres:<\/strong><\/span><span style=\"text-decoration: underline;\"><br><\/span><br>FUNDACJA POMOCY DZIECIOM NIES\u0141YSZ\u0104CYM<br>\u201eUS\u0141YSZE\u0106 \u015aWIAT\u201d<br>58- 350 MIEROSZ\u00d3W<br>NOWE SIOD\u0141O 73<\/p>\n<p><span style=\"color: #0000ff;\"><strong>Telefon: <\/strong><\/span>(074) 8458223 , <span style=\"color: #0000ff;\"><strong>email: <\/strong><\/span> <a href=\"mailto:fundacjauslyszecswiat@interia.pl\">fundacjauslyszecswiat@interia.pl<\/a><br><span style=\"color: #0000ff;\"><strong>Numer rachunku:<\/strong><\/span> PKO BP SA 35102050950000560200742056<\/p>\n<p><span style=\"color: #0000ff;\"><strong>Cz\u0142onkowie Zarz\u0105du:<\/strong><\/span><br>Anna Sobecka- prezes<br>Ma\u0142gorzata Dra\u017cba- zast\u0119pca prezesa<br>W&#8212;&#8212; B&#8212;&#8212;&#8211; zast\u0119pca prezesa<\/p>\n\n\n<figure class=\"wp-block-image size-large\"><img loading=\"lazy\" decoding=\"async\" width=\"640\" height=\"800\" src=\"https:\/\/soszwns.edu.pl\/wp-content\/uploads\/2025\/09\/Green-and-Yellow-Handwritten-Quote-Instagram-Post-1-640x800.jpg\" alt=\"\" class=\"wp-image-23155\" srcset=\"https:\/\/soszwns.edu.pl\/wp-content\/uploads\/2025\/09\/Green-and-Yellow-Handwritten-Quote-Instagram-Post-1-640x800.jpg 640w, https:\/\/soszwns.edu.pl\/wp-content\/uploads\/2025\/09\/Green-and-Yellow-Handwritten-Quote-Instagram-Post-1-240x300.jpg 240w, https:\/\/soszwns.edu.pl\/wp-content\/uploads\/2025\/09\/Green-and-Yellow-Handwritten-Quote-Instagram-Post-1-768x960.jpg 768w, https:\/\/soszwns.edu.pl\/wp-content\/uploads\/2025\/09\/Green-and-Yellow-Handwritten-Quote-Instagram-Post-1.jpg 1080w\" sizes=\"auto, (max-width: 640px) 100vw, 640px\" \/><\/figure>\n\n\n\n<p><strong>Cele statutowe:<\/strong><br>Pomoc dzieciom nies\u0142ysz\u0105cym w zakresie kszta\u0142ceniowym, medycznym i spo\u0142ecznym.<\/p>\n\n\n\n<p>Wszechstronna dzia\u0142alno\u015b\u0107 spo\u0142ecznie u\u017cyteczna na rzecz dzieci i m\u0142odzie\u017cy z innymi specjalnymi potrzebami &nbsp;edukacyjnymi, rozwojowymi i&nbsp; spo\u0142ecznymi.<\/p>\n\n\n\n<p><\/p>\n\n\n\n<p><\/p>\n\n\n\n<p><\/p>\n","protected":false},"excerpt":{"rendered":"<p>FUNDACJA POMOCY DZIECIOM NIES\u0141YSZ\u0104CYM &#8222;US\u0141YSZE\u0106 \u015aWIAT&#8221; O Fundacji: Fundacja Pomocy Dzieciom Nies\u0142ysz\u0105cym \u201e Us\u0142ysze\u0107 \u015awiat\u201d zosta\u0142a powo\u0142ana przez nauczycieli O\u015brodka Szkolno- Wychowawczego w Nowym Siodle w celu niesienia pomocy dzieciom nies\u0142ysz\u0105cym. Aktualnie pomoc skierowana jest g\u0142\u00f3wnie do wychowank\u00f3w w\/w O\u015brodka &#8211;&nbsp; dzieci i m\u0142odzie\u017cy z wadami s\u0142uchu i z innymi niepe\u0142nosprawno\u015bciami.Fundacja zosta\u0142a zarejestrowana w Krajowym [&hellip;]<\/p>\n","protected":false},"author":1,"featured_media":0,"parent":0,"menu_order":0,"comment_status":"open","ping_status":"open","template":"","meta":{"ngg_post_thumbnail":0,"footnotes":""},"class_list":["post-25","page","type-page","status-publish","hentry"],"_links":{"self":[{"href":"https:\/\/soszwns.edu.pl\/index.php?rest_route=\/wp\/v2\/pages\/25","targetHints":{"allow":["GET"]}}],"collection":[{"href":"https:\/\/soszwns.edu.pl\/index.php?rest_route=\/wp\/v2\/pages"}],"about":[{"href":"https:\/\/soszwns.edu.pl\/index.php?rest_route=\/wp\/v2\/types\/page"}],"author":[{"embeddable":true,"href":"https:\/\/soszwns.edu.pl\/index.php?rest_route=\/wp\/v2\/users\/1"}],"replies":[{"embeddable":true,"href":"https:\/\/soszwns.edu.pl\/index.php?rest_route=%2Fwp%2Fv2%2Fcomments&post=25"}],"version-history":[{"count":0,"href":"https:\/\/soszwns.edu.pl\/index.php?rest_route=\/wp\/v2\/pages\/25\/revisions"}],"wp:attachment":[{"href":"https:\/\/soszwns.edu.pl\/index.php?rest_route=%2Fwp%2Fv2%2Fmedia&parent=25"}],"curies":[{"name":"wp","href":"https:\/\/api.w.org\/{rel}","templated":true}]}}